 107.
107
Suppose -376 = -2*f + q, 3*f = -973*q + 971*q + 585. Calculate the greatest common divisor of 15 and f.
1
Let w be 550/90 + -6 + (-196824)/(-54). What is the greatest common divisor of w and 225?
45
Suppose -4*k + 16 = -4. Suppose -j - 3*z - 8 = 0, -j + 3*z + k + 5 = 0. Let s be -10 + (-49)/(-5) - (8/10 + -3). What is the highest common factor of j and s?
1
Let h(o) = 191*o + 24. Let z = -887 - -893. Let n be h(z). Calculate the highest common factor of n and 13.
13
Let f be 0 + (4/14 - ((-20158)/7 + -6)). Calculate the highest common divisor of f and 39.
39
Suppose -2*d + 410 = 4*k, 3*d + 4*k - 619 = -0*d. Let u(f) = 4*f**2 - 5*f + 13. Let t be u(2). What is the greatest common divisor of d and t?
19
Suppose m - 3*s = 193, -4*s = -0*m + 3*m - 553. Suppose 5*b - m = -37. Let n = 468 + -393. Calculate the greatest common divisor of b and n.
15
Suppose -4*m + 50 - 34 = 0. Suppose -5*o = m*y - 62, 2*o - 2*y - 24 = 8. Let w = 77 - 7. Calculate the greatest common factor of o and w.
14
Let a be ((-10)/60*3)/(2/(-8)). Let d be 14 - ((-9)/(-3) + -9 + a). Let k = 164 + -92. Calculate the greatest common factor of k and d.
18
Let a = -401 - -404. Let g be a/(2 - 75/40). What is the greatest common factor of 216 and g?
24
Let j be (2 - 24)*((-112)/(-8))/(-28). Calculate the greatest common divisor of 1397 and j.
11
Let h(q) = -q**3 + 23*q**2 - 12*q + 8. Let j be h(22). Let i be ((-8)/6)/((-4)/j). Calculate the greatest common divisor of i and 171.
19
Let f(g) = 47*g**2 + 63*g. Let o be f(-2). What is the greatest common factor of o and 7037?
31
Let k = 863 - 844. Suppose 6*m = k*m - 130. Calculate the highest common factor of 3 and m.
1
Let b = 1961 - 1937. Calculate the greatest common factor of b and 520.
8
Let s(t) = 2132*t**3 + 6*t**2 + 4*t - 16. Let h be s(2). Calculate the highest common divisor of 8 and h.
8
Let s be -2 + (1942/(-6))/(((-3)/1)/18). Calculate the highest common divisor of 90 and s.
10
Let k(h) = -6*h + 16*h - 7*h - 32 + 0*h. Let v be k(10). Let r be 36/8 - v/(-4). Calculate the greatest common divisor of 20 and r.
4
Let x be (-2 + 4/6)*(-3)/2. Let y(c) = -x*c + 25*c**2 + 14 - 22 + 6. Let s be y(-1). What is the greatest common divisor of 5 and s?
5
Let a be (78/4)/(18/(-36)) - -5. Let j be ((-17)/a)/(2/216). Let q be -2 + 4*1 + 4. Calculate the greatest common divisor of j and q.
6
Let u be (2 + -1)/(-4 + 1370/342). Let v = u - 160. What is the highest common factor of v and 2?
1
Suppose -3*o + 30 - 9 = 0. Suppose 33*f - 38*f + 170 = 0. Suppose -22 = -2*d + f. Calculate the highest common divisor of d and o.
7
Suppose -2*a - 152 = 4*o - 6*o, -3*o + 2*a + 227 = 0. Calculate the highest common divisor of 1 and o.
1
Let z be 656 - (-2 - 4 - -6). What is the greatest common factor of 64 and z?
16
Let q be -40*(-2196)/(-96)*-4. Calculate the greatest common factor of 120 and q.
60
Suppose g - 290 = -g. Let b = 9301 - 9401. Let i = g + b. What is the greatest common divisor of 9 and i?
9
Let z = 30352 - 29661. Calculate the highest common factor of 3 and z.
1
Let x(o) = -o**3 - 9*o**2 + 21*o + 21. Let m(i) = -4*i - 59. Let h be m(-12). Let t be x(h). Calculate the highest common divisor of 64 and t.
32
Let l(o) = 44*o**3 - 2*o**2 - 5*o + 4. Let g be l(1). Suppose 0 = g*x - 49*x + 360. What is the greatest common factor of 105 and x?
15
Let k = -3560 - -3922. Calculate the highest common factor of 3077 and k.
181
Let b = 201 + -120. Let r(o) = o**2 + 56*o + 402. Let a be r(-8). What is the greatest common divisor of b and a?
9
Suppose 9 = i, 3*k + 2*i = 29410 + 5321. Calculate the highest common factor of 63 and k.
21
Suppose 95 = 13*a - 607. Let r be a/45 - (-507)/15. Calculate the highest common divisor of 1715 and r.
35
Suppose -30*y = -2171 - 8119. Let q = 346 - y. Calculate the highest common factor of q and 27.
3
Suppose -5*v = 9*v - 182. Suppose 3*r + 3 = 0, -3*i + 5*r = -v - 7. What is the greatest common divisor of 5 and i?
5
Suppose 1067*d = 1066*d + 2. What is the highest common factor of d and 570?
2
Let l be (11/(-3) - -4)*699 - -3. Let s = 242 - l. Calculate the greatest common divisor of 48 and s.
6
Let k be 40/12 - ((-11)/3 - -4). Suppose k*l - 14 = l - 4*s, 27 = 5*l + 2*s. What is the greatest common divisor of l and 15?
5
Let s = -2 - -1. Let p(n) = 15*n**2 + 2*n + 1. Let y be p(s). Suppose 5*x = z - 76, 23*z - 2*x = 27*z - 216. Calculate the highest common factor of y and z.
14
Let c = -328 + -288. Let h be c/(-52) - (6/39)/(-1). What is the highest common factor of 12 and h?
12
Let b = 77 + -85. Let k be (-55175)/(-200) - 1/b. What is the highest common divisor of k and 23?
23
Suppose -2*v - h + 12 = -2*h, 0 = 2*v - 3*h - 4. Let w(z) = 19*z + 1. Let r be w(2). Let m = r + -19. Calculate the highest common factor of m and v.
4
Let i(g) = -29*g - 6. Let b be i(-3). Let d(x) = 2*x**2 + 17*x + 72. Let c be d(-9). What is the highest common factor of b and c?
81
Let d = -2231 - -2431. Calculate the greatest common divisor of 1640 and d.
40
Let x = 42 - 19. Suppose -16*w = 24*w - 920. What is the greatest common factor of x and w?
23
Let h = -41 + 43. Let t be 1 + 10/(-15) - h/6. Suppose 40 = a + 2*i - 5, t = -5*i + 20. Calculate the greatest common divisor of 259 and a.
37
Suppose 5*u = 9 + 11. Let k(f) = 14*f**2 - f + 3. Let a be k(1). Suppose a = 4*g + 2*i, 7 + 7 = -3*g + 5*i. Calculate the highest common factor of g and u.
2
Let x(f) = f**3 + 48*f**2 + 31*f - 521. Let r be x(-47). What is the greatest common factor of r and 378?
21
Let y be (-26)/65*-490 + -10. What is the greatest common factor of y and 279?
93
Suppose 6*x - 31819 - 19349 = -33*x. Calculate the highest common factor of x and 672.
32
Let a(m) be the second derivative of m**5/2 - m**4/6 + 2*m**3/3 - 3*m**2/2 + 3*m - 2. Let y be a(1). Calculate the highest common factor of y and 333.
9
Let z be 1 + -1 + 4 - 91/52*-12. Calculate the highest common factor of z and 1.
1
Let u be (-81)/(-5) + 4/(-20). Let y = 17773 + -17767. What is the greatest common factor of u and y?
2
Let v(h) = h**2 + 9*h + 17. Let d be v(-7). Let q be 5/30*d*6. Suppose -15 + 60 = q*n. Calculate the highest common factor of n and 105.
15
Let o(y) = 30*y + 1116. Let t be o(-30). Calculate the greatest common factor of t and 32.
8
Let f = -33 - -54. Let u(s) = -30*s + 12. Let w be u(1). Let t be (-1504)/w + 12/27. What is the greatest common divisor of t and f?
21
Let s = 375 - 200. Let r be (-1 - -10) + 104 - (1 - -7). What is the greatest common factor of s and r?
35
Suppose -5*o + 30*i = 26*i - 1576, 2*o - 4*i = 640. Calculate the greatest common factor of o and 84.
12
Let r(q) = -q**3 - 77*q**2 - 119*q + 2327. Let k be r(-75). Calculate the greatest common divisor of k and 3758.
2
Let i(n) = -11*n**2 + 102*n + 37. Let k be i(9). Calculate the greatest common factor of 4016 and k.
16
Suppose 5*j - j = 3*u, -j = 4*u. Let o be (-2)/((-10)/15) - j - -171. What is the greatest common divisor of 116 and o?
58
Let k = 51556 + -51543. Let s(z) = z**3 + 3*z**2 - z - 3. Let p be s(-3). Suppose p = -4*n + 234 + 286. What is the highest common divisor of n and k?
13
Let n be -1*102/(-2)*1. Let m be (1 + 0 - -288)*(-14 - (-2 - 15)). What is the greatest common factor of n and m?
51
Let z(r) = 4*r**2 - 90*r + 1862. Let a be z(19). What is the highest common factor of a and 1428?
84
Let c(k) = -2*k**2 + 11*k - 25. Suppose -16*q + 7*q = 36. Let u(m) = -1. Let r(z) = q*u(z) - c(z). Let x be r(5). What is the highest common divisor of 3 and x?
3
Let r be -8 + 357 - 12/4. Calculate the highest common divisor of r and 18.
2
Let h(f) = 8*f - 5. Let o be h(1). Suppose 0*m - o*m + 90 = 0. What is the greatest common divisor of 330 and m?
30
Let h(v) = -2*v**2 - 108*v + 32. Let q be h(-54). Suppose -t + 297 = q*t. Let j = -2 + 29. What is the greatest common factor of j and t?
9
Let u(s) = -4*s + 310. Let r be u(0). Suppose -306 = -4*q + r. Let i = 48 - 34. What is the greatest common factor of q and i?
14
Let r be 1 + 862/4 - (-66 + 20)/92. Calculate the greatest common factor of r and 45787.
217
Let d(y) = -64*y + 1280. Let z be d(13). What is the greatest common divisor of 1288 and z?
56
Let p = 346 + -286. Let c = 21 + -17. Suppose -5*f - o + 26 = 0, -c*f - f - 3*o = -18. Calculate the gre